.
-11931
What is -435698 (base 10) in base 11?
-27838a
37598 (base 10) to base 16
92de
What is -13303021 (base 6) in base 12?
-194a71
What is 1404032 (base 5) in base 9?
43254
-4b0a8 (base 16) to base 4
-1023002220
What is -21670263 (base 8) in base 15?
-627372
What is -407b88 (base 15) in base 14?
-59a73a
Convert 1079712 (base 12) to base 3.
12220220211212
What is 353526 (base 7) in base 9?
106360
What is -737606 (base 14) in base 13?
-a67443
What is -18bdc0 (base 15) in base 5?
-302021410
What is -15178a8 (base 11) in base 2?
-1001111011001110000100
Convert -20757815 (base 9) to base 10.
-10017851
Convert -227453 (base 9) to base 8.
-412767
What is -1258c (base 14) in base 15?
-d508
-2376652 (base 8) to base 9
-1207143
Convert 2681b9 (base 12) to base 7.
5256531
Convert 15967a (base 11) to base 3.
110112212221
158433 (base 9) to base 13
35817
-414011342 (base 6) to base 14
-d51098
41b7b11 (base 12) to base 4
233123301331
10d1c8 (base 16) to base 6
35343052
What is -16515155 (base 8) in base 16?
-3a9a6d
Convert -3343c4 (base 14) to base 10.
-1740456
What is -21021110011 (base 3) in base 9?
-237404
-28e2e (base 15) to base 13
-47aa1
What is 10929a (base 12) in base 16?
40a56
-4a655 (base 11) to base 5
-4311120
Convert 178504 (base 9) to base 10.
111217
Convert -2231301011 (base 4) to base 10.
-711749
What is -10332234 (base 6) in base 7?
-2421010
-1212241232 (base 5) to base 13
-78b5ab
1000110000011101000 (base 2) to base 13
a07c3
Convert 16265 (base 15) to base 8.
213374
Convert -1100110000010010110101 (base 2) to base 9.
-6255425
1206522 (base 10) to base 6
41505430
-220013313 (base 4) to base 15
-33a63
-36b112 (base 12) to base 5
-211440303
-21132100220 (base 4) to base 8
-11362050
2dd9ad (base 14) to base 10
1612645
Convert -213304 (base 9) to base 12.
-61671
What is 1340041 (base 7) in base 11?
111569
34324425 (base 6) to base 14
1d5c53
Convert -3202241201 (base 5) to base 14.
-c5c9a1
What is -223240 (base 12) in base 7?
-4425630
-200102122 (base 3) to base 6
-142112
What is -1a31d (base 15) in base 14?
-23010
442525 (base 9) to base 4
1000202012
What is -5361163 (base 7) in base 14?
-130233
Convert 632251 (base 9) to base 5.
44010033
-1132312401 (base 5) to base 10
-2619726
What is -52598 (base 10) in base 16?
-cd76
Convert ca520 (base 13) to base 11.
22a72a
What is -887dd5 (base 15) in base 13?
-146a863
Convert -101010001100101010100100 (base 2) to base 4.
-222030222210
What is 2321234 (base 5) in base 4?
22101111
11010001000000101 (base 2) to base 15
21a93
-79701 (base 12) to base 3
-22012211101
What is -33297 (base 12) in base 11?
-46a32
Convert 42043002 (base 5) to base 14.
90471
-542133 (base 7) to base 5
-11010043
What is -20212212 (base 4) in base 6?
-431050
What is -93791 (base 11) in base 12?
-67145
Convert -1737 (base 8) to base 6.
-4331
2b251 (base 12) to base 11
4177a
What is 2034a (base 14) in base 10?
77486
What is 1010020020201 (base 3) in base 6?
20430501
-1011011001001101101111 (base 2) to base 14
-57a715
What is -307146 (base 8) in base 6?
-2104102
Convert -33667605 (base 8) to base 13.
-1689139
What is 293906 (base 10) in base 6?
10144402
-101010110000000101 (base 2) to base 4
-222300011
Convert -434131 (base 6) to base 12.
-18947
What is 201210120 (base 3) in base 13?
6753
309911 (base 10) to base 7
2430350
Convert 7252 (base 12) to base 4.
3002132
Convert 147001 (base 9) to base 6.
1534301
-159232 (base 11) to base 10
-246512
What is 1112122212 (base 3) in base 4?
13122203
What is 49a98 (base 12) in base 9?
162218
What is -192574 (base 11) in base 8?
-1102350
-12623 (base 7) to base 3
-11122212
What is -1331524 (base 6) in base 8?
-221054
What is -17491479 (base 10) in base 8?
-102563027
-2053321 (base 6) to base 8
-304321
What is -96183 (base 13) in base 10?
-270507
-4574137 (base 8) to base 10
-1243231
What is -10a68c (base 16) in base 11?
-685931
-63c574 (base 15) to base 13
-ca3c8a
What is 120210212122 (base 3) in base 5?
34424232
What is -402553555 (base 6) in base 7?
-112202111
Convert 111001011111 (base 2) to base 5.
104204
Convert -1340044 (base 6) to base 10.
-75196
Convert 46529e (base 16) to base 14.
87d78a
Convert 421493 (base 10) to base 12.
183b05
Convert 6bd4b (base 15) to base 6.
11211555
Convert -111011001011010 (base 2) to base 11.
-20844
What is -13335433 (base 7) in base 16?
-12dc51
What is 220133443 (base 5) in base 16?
e6396
Convert 10101111111011001101 (base 2) to base 16.
afecd
Convert -5673701 (base 9) to base 8.
-13530725
What is 10011102221202 (base 3) in base 11?
a495a1
Convert 1634988 (base 12) to base 16.
456b78
What is 10110000111001001 (base 2) in base 16?
161c9
3213000031 (base 4) to base 9
1701831
-103351534 (base 7) to base 14
-b6c68b
What is -11339 (base 15) in base 7?
-315363
What is 22802 (base 16) in base 11?
97198
Convert -4213253 (base 6) to base 9.
-341126
What is -130243024 (base 5) in base 15?
-c7d5e
2a2bc (base 13) to base 7
451012
Convert 100065 (base 7) to base 3.
212010020
25192b3 (base 12) to base 7
115435206
Convert -10c182c (base 13) to base 11.
-2a13714
Convert 30359e (base 15) to base 14.
438536
Convert -226902 (base 14) to base 8.
-4356426
What is -14184b4 (base 12) in base 9?
-7501641
Convert -1100101111000000010 (base 2) to base 3.
-210012101220
What is 22220021231 (base 4) in base 14?
5273ad
What is -51667 (base 13) in base 10?
-146101
What is -5d3918 (base 14) in base 15?
-432ab6
122022221210 (base 3) to base 7
2620401
-10111101111110000100101 (base 2) to base 3
-102201021000002
Convert -1312dc (base 16) to base 8.
-4611334
Convert 1115520 (base 7) to base 2.
100001111001001111
401330 (base 8) to base 11
90029
What is 2aa17 (base 12) in base 6?
1142431
What is -145503 (base 11) in base 12?
-ab366
Convert 237610 (base 10) to base 4.
322000222
92880 (base 13) to base 3
111100122000
1cd1b8 (base 14) to base 15
15694b
What is -989756 (base 13) in base 10?
-3591152
What is -31222002 (base 4) in base 9?
-84653
What is 3141140 (base 6) in base 11?
a5117
-77fb26 (base 16) to base 5
-4003104303
Convert -30486 (base 12) to base 4.
-33112212
Convert -3323212001 (base 4) to base 3.
-1221100121202
Convert 68a783 (base 11) to base 2.
100001011111111010010
Convert -1110001000000111100111 (base 2) to base 14.
-6c5835
50103052 (base 7) to base 10
4135588
Convert -10142587 (base 9) to base 5.
-2221321304
-331255 (base 8) to base 12
-54491
What is 22002410 (base 5) in base 8?
556717
-1100010001000000010 (base 2) to base 12
-174716
What is 112322322 (base 4) in base 3?
11202210010
What is 102002220210 (base 3) in base 15?
44bb0
-158b3 (base 16) to base 12
-43097
Convert -24a323 (base 11) to base 12.
-170278
101240220 (base 5) to base 12
180244
7959 (base 15) to base 13
b937
What is -1117048 (base 10) in base 16?
-110b78
20332244 (base 5) to base 9
275181
Convert 2221001102 (base 3) to base 14.
17005
What is -33302032 (base 5) in base 6?
-10122420
Convert 100100011000100011 (base 2) to base 8.
443043
120000002110020 (base 3) to base 7
124526034
Convert -2590c (base 16) to base 3.
-21211001211
What is 13cbb (base 14) in base 10?
49165
221031411 (base 5) to base 11
5a2752
-46292 (base 16) to base 9
-477178
Convert 2bc1a (base 16) to base 7.
1344345
3a055 (base 12) to base 15
18888
Convert 1000110000110101111 (base 2) to base 7.
2304114
Convert -158cd0c (base 14) to base 4.
-220102133000
What is 132545331 (base 6) in base 12?
a82247
1342241213 (base 5) to base 13
949c01
Convert -31201114 (base 7) to base 12.
-a65647
383b1 (base 12) to base 15
17a67
Convert 3411535 (base 7) to base 2.
1100111010100010110
What is -153150 (base 7) in base 11?
-20535
-7823316 (base 9) to base 10
-4208046
What is 13132200120 (base 4) in base 7?
22442112
Convert -223366 (base 8) to base 16.
-126f6
What is 573671 (base 8) in base 10?
194489
Convert -28989 (base 13) to base 3.
-10212201010
-657264 (base 11) to base 15
-15acca
362412 (base 8) to base 13
44697
What is 7584c (base 13) in base 5?
23243303
What is 1a52136 (base 14) in base 3?
220122211111011
Convert 306034 (base 9) to base 14.
4a240
Convert 14611024 (base 8) to base 3.
20022001011122
Convert -279864 (base 10) to base 5.
-32423424
Convert -87821a (base 15) to base 2.
-11000101000011000010010
Convert 5a4a4d (base 14) to base 9.
5723525
What is